4*i + 401479. Calculate n(18).
7
Let z(y) = 1214*y - 145671. What is z(120)?
9
Let u(a) = -9176*a + 18377. What is u(2)?
25
Let k(m) = m**3 - 5254*m**2 + 234389*m + 712. Calculate k(45).
-8
Let g(f) = -76*f**2 - 670*f + 140. Give g(-9).
14
Let r(w) = 125422*w + 2633860. Give r(-21).
-2
Let f(d) = -1024*d + 452596. What is f(442)?
-12
Let r(l) = -3720*l - 148745. Give r(-40).
55
Let g(x) = 16876*x + 2750791. Determine g(-163).
3
Let r(n) = -25*n**3 + 32597*n**2 - 28676*n + 13021. Give r(1303).
-9
Let y(z) = -30*z**3 + 5*z**2 - 17*z - 40. Calculate y(-2).
254
Let k(v) = -3*v**3 - 10*v**2 + 394*v + 3923. Determine k(-10).
1983
Let g(b) = b**3 - 102*b**2 - 10854*b + 93. What is g(-65)?
28
Let s(z) = -z**3 - 112*z**2 - 261*z - 4774. Calculate s(-110).
-264
Let k(o) = -o**2 + 143*o + 1620. What is k(154)?
-74
Let t(y) = 2*y**3 + 21*y**2 + 19*y - 43. Calculate t(-12).
-703
Let f(r) = 18*r**3 + 29*r**2 - 25*r + 1. Determine f(4).
1517
Let a(r) = -17143*r + 102845. Determine a(6).
-13
Let q(m) = -27*m**2 + 825*m + 4816. Determine q(-5).
16
Let u(c) = 209*c**2 + 239*c - 418. Give u(1).
30
Let o(y) = 3060*y - 535960. Determine o(175).
-460
Let b(d) = 40724*d - 1914027. Calculate b(47).
1
Let x(f) = 32*f**2 + 1887*f + 8587. Give x(-54).
1
Let d(s) = -s**2 - 68*s + 16613. What is d(100)?
-187
Let r(v) = -v**2 - 26*v + 1405. Determine r(-38).
949
Let z(d) = 13*d**3 + 8*d**2 - 247*d + 241. What is z(1)?
15
Let m(u) = u**3 + u**2 - 145861*u + 2. Give m(0).
2
Let q(n) = 11*n**2 - 358*n + 1446. Determine q(4).
190
Let o(u) = -4*u**3 + 24*u**2 - 19*u + 152. Give o(6).
38
Let j(s) = -2*s**3 - 16*s**2 + 230*s + 1825. What is j(-11)?
21
Let m(v) = 4960*v + 272166. Give m(-55).
-634
Let j(v) = 111*v**3 + 4*v**2 + 380*v + 378. Give j(-1).
-109
Let f(q) = -470*q + 3152. Give f(8).
-608
Let t(g) = -5510*g + 38585. What is t(7)?
15
Let j(g) = g**3 - 352*g**2 + 1374*g + 6307. Determine j(348).
43
